4*h + 4*w - 2*w + 4 = 0. Let d be (36/(-24))/(h/10). Give l(d).
-4
Let f(i) = -i**3 + 8*i**2 - 2*i - 36. Let w = 2011 + -2004. Calculate f(w).
-1
Let q = -55 - 10. Let r be (4 + q/20)*4. Let l(a) = -3 - 4*a**3 + 3*a**2 + 8 - 4*a**3 + 2*a + 7*a**r. Determine l(4).
-3
Let a(r) = -6*r**3 - r**2 + 3*r - 1. Suppose h + 94*s = 97*s - 20, h - 50 = -7*s. Determine a(h).
-5
Let k(r) be the second derivative of 0*r**2 - 3/2*r**3 + 0 - 67*r. Let h = -36 + 33. Give k(h).
27
Let c(m) = -m**2 + 8*m - 9. Let t(j) = j**3 + j**2 + 1. Let u(q) = -5*q**3 - 5*q**2 + 8*q + 1. Let g(w) = -4*t(w) - u(w). Let b be g(3). Give c(b).
-2
Let v(w) be the first derivative of -7*w**2/2 + w - 7. Let r = 1486 + -1485. Give v(r).
-6
Suppose 2*m + 4 = -24*o + 29*o, -4*o = -3*m - 6. Suppose -i = -2 - 6. Let r(a) = -2 - i - 3 + 1 - a. Give r(o).
-12
Let s(r) = 2*r**3 - 59*r**2 + 31*r - 67. Let y be s(29). Let o(l) = -2*l**3 - 19*l**2 - 10*l - 15. Calculate o(y).
-6
Let w(i) = 3*i**3 - 11*i**2 - 6*i + 8. Suppose 6*l - 523 = -499. Calculate w(l).
0
Let x(g) = -6 + 16 - 11 - 2 - 9 + 9*g. What is x(7)?
51
Let n(w) = w**3 - 36*w**2 - 205*w + 11. Let x be n(41). Let q(h) = 47*h - 509. What is q(x)?
8
Suppose -5*j + 4 + 1 = 0. Let q be (j/2)/((-2)/12). Let o(i) be the second derivative of -i**5/20 - i**3/6 + 3*i**2/2 - 61575*i. What is o(q)?
33
Let o(u) = -u**2 + 41. Let r(a) = -5*a**2 + 21*a + 112. Let b(v) = 3*o(v) - r(v). What is b(9)?
-16
Let q(y) = -2*y**3 + 55*y**2 - 57*y + 86. Let k(j) = j**3 - 27*j**2 + 28*j - 43. Let o(n) = -13*k(n) - 6*q(n). Give o(20).
3
Let c(z) be the third derivative of -1/10*z**5 + 27 + 0*z + 1/120*z**6 - 5/24*z**4 + z**2 - 7/6*z**3. Determine c(7).
7
Let q(f) = 6*f + 1. Suppose s = 1515 - 2059. Let j = s - -543. Determine q(j).
-5
Let u(x) = x**3 + 5*x**2 - 10*x + 27. Let l be ((-2)/6)/((-207)/(-4347)). Determine u(l).
-1
Let x(r) = -r**2 - 3*r + 7. Let f = 237 - 233. Suppose -f*p + 3*c = p + 21, 6 = -2*p + 2*c. Give x(p).
-11
Let t(b) = -5*b**2 + 20*b - 56. Let m(x) = 9*x**2 - 39*x + 113. Let g(w) = -4*m(w) - 7*t(w). What is g(9)?
3
Let z(t) = -t**3 + 11*t**2 - 15*t - 25. Let i be z(9). Let f(k) = k**2 - 31*k**i + 1 + 0. Give f(-1).
-29
Let y(o) be the second derivative of 0 + 1/2*o**2 - 123*o + 1/12*o**4 - 5/6*o**3. Determine y(4).
-3
Let p(i) = -i**3 + 2*i**2 - i + 14. Let w be p(0). Let n(r) = w*r**2 + r + r**3 - 4*r**2 + 5 - 2*r**2. Calculate n(-8).
-3
Let m be (1 - 1/2)*(-24)/(-12). Let l = m - -1. Let y(z) = z**2 - 8*z**3 - 1 + z - 12*z**l + 11*z**2. Give y(1).
-8
Let f(l) = -16*l - 67. Let j(o) = 7*o + 29. Let v(n) = 4*f(n) + 9*j(n). Suppose -20 + 2 = 2*b + 2*x, -40 = 4*b + 5*x. Determine v(b).
-2
Suppose -42*h + 35*h + 763 = 0. Let u(n) = 1 + h*n - 9 - 110*n + 1. Calculate u(5).
-12
Let i(r) = -5*r - 113. Suppose 0 = 347*f - 338*f + 198. Calculate i(f).
-3
Let u be (4/3)/((-60)/(-45)). Let i(s) = s - u - 5 + 1 - 6. Let a be 2/(-14)*-2 + (-160)/(-28). Give i(a).
-5
Let m(o) = -o**2 + 3*o - 2. Let s = 567 + -543. Let p be 4/((-2)/4 + 44/s). Give m(p).
-2
Let p(w) = -5*w**2 - 3*w + 3. Let k(h) = h**3 + 22*h**2 + 2*h + 45. Let f be k(-22). Let t(n) = -n**2 - n - 1. Let i(u) = f*p(u) - 4*t(u). Determine i(-5).
-23
Let k(h) be the first derivative of 11*h**4/4 + h**3/3 - h - 1. Let p(z) = z**3 - 13*z**2 + 7*z + 56. Let q be p(12). Let w be (4 + 6 + q - 0) + -5. Give k(w).
11
Let d be ((-546)/455)/((-2)/(-5) + 0). Let n(u) = -11*u**2 - 14*u - 41. Let c(t) = 8*t**2 + 10*t + 28. Let o(l) = -7*c(l) - 5*n(l). Give o(d).
0
Let k(r) be the first derivative of -r**7/840 + r**6/360 + 5*r**4/24 + 235*r**3/3 - 235. Let d(l) be the third derivative of k(l). Give d(0).
5
Let r(c) = c**2 - 8*c + 20. Let n = -5376 - -5384. Determine r(n).
20
Let c(l) = -8*l**2 + 6*l - 7. Suppose -8*s + 7*k + 19 = 8*k, 0 = 3*s - 4*k - 29. Give c(s).
-61
Suppose 38*r + 11*r + 284 = 39. Let w(a) = a**3 + 5*a**2 + 4*a - 8. Give w(r).
-28
Let d(b) = -7*b**2 - 3*b + 13. Let w(f) = -f + 0 - f**2 + 1 + 7 - 7. Let s(v) = -d(v) + 6*w(v). Calculate s(-3).
11
Suppose 2*x - 4*l = -188, l + 428 = -4*x - 4*l. Let j = x - -111. Suppose -2 - 61 = j*d. Let m(g) = g - 1. Give m(d).
-8
Let u(h) = -26*h - 303. Let g be u(-12). Let a(c) be the second derivative of -2*c**3/3 + 6*c**2 - 15*c. Give a(g).
-24
Let z(f) be the first derivative of f**4/4 - 5*f**3/3 - 3*f**2 - 6*f + 37. Suppose o + 3*b = b, -b = 3. What is z(o)?
-6
Let h(l) be the third derivative of 0 + 0*l + 1/60*l**5 - 1/3*l**3 - 7/24*l**4 + 82*l**2. Determine h(7).
-2
Let s(i) = 2*i**3 - i - 1. Let d(w) = -12*w**2 + 4*w**2 - 4*w**2 - 12 + 23*w - 7*w - 7*w**3. Let o(z) = -d(z) - 4*s(z). What is o(11)?
5
Let j(o) = -7*o. Let z = 1645 - 1646. Determine j(z).
7
Let a(f) = 35*f - 9. Let z(d) = -15*d + 1. Let p(m) = a(m) + 2*z(m). Calculate p(3).
8
Let t(x) be the second derivative of -2*x - 5 - 1/3*x**3 - 3/2*x**2. What is t(-5)?
7
Let p = 30627 + -30605. Let r(c) = -5*c + 123. Give r(p).
13
Let u(i) = i + 8. Let d(c) be the first derivative of -c**2/2 - 6*c + 35. Let q(n) = 3*d(n) + 2*u(n). Give q(-5).
3
Let o(c) = 16*c + 4*c + 3*c - c**2 - c**3 - 10 - 26*c + 3*c**2. Determine o(-3).
44
Let q(y) = -9*y**2 + y. Let g be q(-1). Let h be (-100)/(6 + g) + -1 + 0. Let i = 25 - h. Let w(x) = 12*x**2 + x - 1. Determine w(i).
12
Let o(p) = p**3 - 3*p**2 - 4*p. Let s be o(4). Let l(f) be the third derivative of -f**5/60 - f**4/24 + 17*f**3/6 - 4093*f**2. Calculate l(s).
17
Let k be (4 - (-45)/25) + (-44)/(-20) + -2. Let j(y) = y**3 - 6*y**2 - 3*y + 16. Determine j(k).
-2
Let u(b) = -b**3 + 6*b**2 - b - 2. Let j be 8/(-6)*(-18 - (-21 + 6)). What is u(j)?
26
Let q(v) = 9*v**3 + 3*v**2 + 6*v + 7. Let t = 38169 - 38171. Calculate q(t).
-65
Let a = 10058 - 10056. Let b(n) = -8*n**3 + 3*n**2 - n - 4. Give b(a).
-58
Let d(n) = 2*n**3 + 26*n**2 - 26*n + 21. Let z be 25 - 1353/55 - ((-124)/(-10) + 2). Calculate d(z).
-7
Let r(f) be the first derivative of -114 + 2*f**2 + 5*f - 1/3*f**3. Determine r(5).
0
Suppose -3*x = -3*u - 15, 5*u - x = -0*x - 33. Let o(z) = -16206*z**3 - 16204*z**3 - 6*z**2 + 8*z + 32409*z**3 + 5. Give o(u).
-2
Let v = -2328 + 2331. Let f(j) = 3*j**2 + 3*j - 3. What is f(v)?
33
Let g = 9576 + -9577. Let j(y) = -37*y - 36. Calculate j(g).
1
Let t(z) = 685*z**2 - 200*z**2 - 235*z**2 + 1 - 223*z**2 - 2*z. Let l(d) = -29*d**2 + 3*d - 1. Let u(m) = -2*l(m) - 3*t(m). What is u(1)?
-24
Let m(o) be the third derivative of o**4/12 + 5*o**3/3 + 2289*o**2. Determine m(-7).
-4
Let c(y) = -7*y + 23*y + 472 - 993 + 552. Give c(-6).
-65
Let c(m) be the third derivative of -m**4/12 + m**3 - 988*m**2. Suppose -2*u + u = -3. Give c(u).
0
Let x(p) = 31*p + 239. Let m(b) = -b**2 - 4*b + 132. Let w be m(-14). Give x(w).
-9
Suppose -901 = 16*x - 122*x - 1113. Let q(o) = 8*o - 13. Determine q(x).
-29
Let d(r) = -7*r + 28. Let n(i) = -21*i + 90. Let t(l) = -10*d(l) + 3*n(l). Give t(3).
11
Let k(g) = -g**3 + 2*g**2 + 8*g - 7. Suppose -13*z + 11*z + 5*r = -31, 0 = r + 5. Give k(z).
8
Let b(j) be the second derivative of -j**6/360 + j**5/10 + 3*j**4/4 - 4*j**3/3 + j + 16. Let x(q) be the second derivative of b(q). Give x(13).
5
Let o = -71 + 35. Let n be (-8)/6*o/6. Let m(a) be the first derivative of a**3/3 - 4*a**2 - 8*a + 100. Determine m(n).
-8
Let g be 3*-1 - ((-13 - -13) + -558). Let s = g + -558. Let f(w) = -w + 2. Determine f(s).
5
Let u(w) = 11*w + 7. Let j = -10768 + 10772. Determine u(j).
51
Let n(c) be the third derivative of -3*c**4/8 + 10*c**3 + 3*c**2 - 46*c + 2. Give n(11).
-39
Let t(r) = -23*r - 81. Let j(z) = z**2 + 2*z - 228. Let k be j(-16). Determine t(k).
11
Let r(a) = 17*a**3 + 3*a**2 - 64*a - 39. Let o(x) = 19*x**3 + 4*x**2 - 71*x - 38. Let w(q) = -9*o(q) + 10*r(q). Give w(-7).
8
Suppose 3*c - 23 = -5*q, 4*q - 2*c - 13 = c. Suppose o + 5*z - 19 = -0*o, -q*o - z = -19. Let t(w) = -w**3 + 2*w**2 + 4*w + 3. Give t(o).
-13
Let u(n) = 2*n**2 - 2. Suppose 3*d - 5 = -8. Let j be (d - (-58)/18) + (-10)/45. Determine u(j).
6
Let f = 29991 + -29995. Let u = -3 - -5. Let t(r) = 2*r + 5*r + r**u - 4*r. Calculate t(f).
4
Let f(b) = -20*b + 17*b**2 - 12*b - 24 + 23*b**2 - 42*b**2. What is f(-15)?
6
Suppose -2*m = -5*v, -2*v = 5*m - 0 - 29. Let p = m - 3. Let t(h) be the first derivative of -h**4/4 - 3*h**2/2 + 3*h + 4449. Calculate t(p).
-11
Let a(c) = -